{"id":694,"date":"2022-09-27T17:51:47","date_gmt":"2022-09-27T15:51:47","guid":{"rendered":"https:\/\/reelenvue.org\/?page_id=694"},"modified":"2025-10-21T14:35:38","modified_gmt":"2025-10-21T12:35:38","slug":"soiree-douverture","status":"publish","type":"page","link":"https:\/\/reelenvue.org\/index.php\/soiree-douverture\/","title":{"rendered":"Soir\u00e9e d&#8217;ouverture, vendredi 14 novembre 2025"},"content":{"rendered":"\n<h1><strong>Hors comp\u00e9tition, carte blanche \u00e0 Patrice Chagnard<\/strong><\/h1>\n\n\n\n<p>Vendredi 14 novembre, 20h, au Cin\u00e9ma la Scala de Thionville<\/p>\n\n\n\n<div class=\"wp-block-media-text alignwide is-stacked-on-mobile\" style=\"grid-template-columns:23% auto\"><figure class=\"wp-block-media-text__media\"><img loading=\"lazy\" width=\"754\" height=\"1023\" src=\"http:\/\/reelenvue.org\/wp-content\/uploads\/2025\/10\/vedette.jpg\" alt=\"\" class=\"wp-image-1383 size-full\" srcset=\"https:\/\/reelenvue.org\/wp-content\/uploads\/2025\/10\/vedette.jpg 754w, https:\/\/reelenvue.org\/wp-content\/uploads\/2025\/10\/vedette-221x300.jpg 221w, https:\/\/reelenvue.org\/wp-content\/uploads\/2025\/10\/vedette-624x847.jpg 624w\" sizes=\"(max-width: 754px) 100vw, 754px\" \/><\/figure><div class=\"wp-block-media-text__content\">\n<p style=\"font-size:22px\"><strong>VEDETTE<\/strong><\/p>\n\n\n\n<p>Claudine Bories et Patrice Chagnard<br>Les Films du Parotier<br>France 2021 &#8211; 100 min<\/p>\n\n\n\n<p>Vedette est une vache. Vedette est une reine. Elle a m\u00eame \u00e9t\u00e9 la reine des reines \u00e0 l&#8217;alpage. Mais Vedette a vieilli. Pour lui \u00e9viter l&#8217;humiliation d&#8217;\u00eatre d\u00e9tr\u00f4n\u00e9e par de jeunes rivales, nos voisines nous la laissent tout un \u00e9t\u00e9. C&#8217;est l\u00e0 que nous avons d\u00e9couvert que toute vache est unique.<\/p>\n\n\n\n<p>La projection sera suivie d&#8217;une discussion avec le r\u00e9alisateur. <\/p>\n<\/div><\/div>\n","protected":false},"excerpt":{"rendered":"<p>Hors comp\u00e9tition, carte blanche \u00e0 Patrice Chagnard Vendredi 14 novembre, 20h, au Cin\u00e9ma la Scala de Thionville VEDETTE Claudine Bories et Patrice ChagnardLes Films du ParotierFrance 2021 &#8211; 100 min Vedette est une vache. Vedette est une reine. Elle a m\u00eame \u00e9t\u00e9 la reine des reines \u00e0 l&#8217;alpage. Mais Vedette a vieilli. Pour lui \u00e9viter [&hellip;]<\/p>\n","protected":false},"author":1,"featured_media":0,"parent":0,"menu_order":0,"comment_status":"closed","ping_status":"closed","template":"","meta":[],"_links":{"self":[{"href":"https:\/\/reelenvue.org\/index.php\/wp-json\/wp\/v2\/pages\/694"}],"collection":[{"href":"https:\/\/reelenvue.org\/index.php\/wp-json\/wp\/v2\/pages"}],"about":[{"href":"https:\/\/reelenvue.org\/index.php\/wp-json\/wp\/v2\/types\/page"}],"author":[{"embeddable":true,"href":"https:\/\/reelenvue.org\/index.php\/wp-json\/wp\/v2\/users\/1"}],"replies":[{"embeddable":true,"href":"https:\/\/reelenvue.org\/index.php\/wp-json\/wp\/v2\/comments?post=694"}],"version-history":[{"count":35,"href":"https:\/\/reelenvue.org\/index.php\/wp-json\/wp\/v2\/pages\/694\/revisions"}],"predecessor-version":[{"id":1449,"href":"https:\/\/reelenvue.org\/index.php\/wp-json\/wp\/v2\/pages\/694\/revisions\/1449"}],"wp:attachment":[{"href":"https:\/\/reelenvue.org\/index.php\/wp-json\/wp\/v2\/media?parent=694"}],"curies":[{"name":"wp","href":"https:\/\/api.w.org\/{rel}","templated":true}]}}