{"id":33,"date":"2021-10-13T11:21:45","date_gmt":"2021-10-13T09:21:45","guid":{"rendered":"https:\/\/reelenvue.org\/?page_id=33"},"modified":"2025-10-14T11:42:51","modified_gmt":"2025-10-14T09:42:51","slug":"masterclass","status":"publish","type":"page","link":"https:\/\/reelenvue.org\/index.php\/masterclass\/","title":{"rendered":"Actions d&#8217;\u00e9ducation aux images"},"content":{"rendered":"\n<div class=\"wp-block-image\"><figure class=\"aligncenter size-large is-resized\"><img loading=\"lazy\" src=\"https:\/\/reelenvue.org\/wp-content\/uploads\/2023\/10\/310969573_556835542910279_1118306216431207413_n-1024x683.jpg\" alt=\"\" class=\"wp-image-926\" width=\"414\" height=\"275\" srcset=\"https:\/\/reelenvue.org\/wp-content\/uploads\/2023\/10\/310969573_556835542910279_1118306216431207413_n-1024x683.jpg 1024w, https:\/\/reelenvue.org\/wp-content\/uploads\/2023\/10\/310969573_556835542910279_1118306216431207413_n-300x200.jpg 300w, https:\/\/reelenvue.org\/wp-content\/uploads\/2023\/10\/310969573_556835542910279_1118306216431207413_n-768x512.jpg 768w, https:\/\/reelenvue.org\/wp-content\/uploads\/2023\/10\/310969573_556835542910279_1118306216431207413_n-1536x1024.jpg 1536w, https:\/\/reelenvue.org\/wp-content\/uploads\/2023\/10\/310969573_556835542910279_1118306216431207413_n-624x416.jpg 624w, https:\/\/reelenvue.org\/wp-content\/uploads\/2023\/10\/310969573_556835542910279_1118306216431207413_n.jpg 2048w\" sizes=\"(max-width: 414px) 100vw, 414px\" \/><\/figure><\/div>\n\n\n\n<p><strong>Avec sa programmation parall\u00e8le d&#8217;ateliers de formation aux images, l\u2019\u00e9quipe du Festival et du Centre \u00ab Le Lierre \u00bb et leurs partenaires invitent tout au long de l\u2019ann\u00e9e \u00e0 explorer et interroger les contours de l\u2019image documentaire et les mani\u00e8res de repr\u00e9senter le r\u00e9el. Projections, expositions photographiques, s\u00e9ances de lecture d\u2019images, rencontres\u2026 autant d\u2019actions qui vont irriguer le travail sp\u00e9cifique de construction du regard des publics.<\/strong><\/p>\n\n\n\n<p><strong>Plus d\u2019informations :<\/strong><br>secteur.multimedia@lelierre.org ou 03  72 60 60 99<\/p>\n","protected":false},"excerpt":{"rendered":"<p>Avec sa programmation parall\u00e8le d&#8217;ateliers de formation aux images, l\u2019\u00e9quipe du Festival et du Centre \u00ab Le Lierre \u00bb et leurs partenaires invitent tout au long de l\u2019ann\u00e9e \u00e0 explorer et interroger les contours de l\u2019image documentaire et les mani\u00e8res de repr\u00e9senter le r\u00e9el. Projections, expositions photographiques, s\u00e9ances de lecture d\u2019images, rencontres\u2026 autant d\u2019actions qui [&hellip;]<\/p>\n","protected":false},"author":1,"featured_media":0,"parent":0,"menu_order":0,"comment_status":"closed","ping_status":"closed","template":"","meta":[],"_links":{"self":[{"href":"https:\/\/reelenvue.org\/index.php\/wp-json\/wp\/v2\/pages\/33"}],"collection":[{"href":"https:\/\/reelenvue.org\/index.php\/wp-json\/wp\/v2\/pages"}],"about":[{"href":"https:\/\/reelenvue.org\/index.php\/wp-json\/wp\/v2\/types\/page"}],"author":[{"embeddable":true,"href":"https:\/\/reelenvue.org\/index.php\/wp-json\/wp\/v2\/users\/1"}],"replies":[{"embeddable":true,"href":"https:\/\/reelenvue.org\/index.php\/wp-json\/wp\/v2\/comments?post=33"}],"version-history":[{"count":43,"href":"https:\/\/reelenvue.org\/index.php\/wp-json\/wp\/v2\/pages\/33\/revisions"}],"predecessor-version":[{"id":1404,"href":"https:\/\/reelenvue.org\/index.php\/wp-json\/wp\/v2\/pages\/33\/revisions\/1404"}],"wp:attachment":[{"href":"https:\/\/reelenvue.org\/index.php\/wp-json\/wp\/v2\/media?parent=33"}],"curies":[{"name":"wp","href":"https:\/\/api.w.org\/{rel}","templated":true}]}}