{"id":28,"date":"2021-10-13T11:14:03","date_gmt":"2021-10-13T09:14:03","guid":{"rendered":"https:\/\/reelenvue.org\/?page_id=28"},"modified":"2024-10-22T12:04:16","modified_gmt":"2024-10-22T10:04:16","slug":"programme","status":"publish","type":"page","link":"https:\/\/reelenvue.org\/index.php\/programme\/","title":{"rendered":"\u00c0 propos du festival"},"content":{"rendered":"\n<p class=\"has-medium-font-size\"><strong>UN FESTIVAL DE FILMS DOCUMENTAIRES COMME PROJET D\u2019\u00c9DUCATION \u00c0 L\u2019IMAGE<\/strong><\/p>\n\n\n\n<p><strong>Un mode d\u2019intervention social<\/strong> <strong>pour le Centre &#8220;Le Lierre&#8221; <\/strong><\/p>\n\n\n\n<p>L\u2019\u00e9ducation \u00e0 l\u2019image et au multim\u00e9dia repr\u00e9sente l\u2019un des modes d\u2019intervention sociale du Centre social \u00ab Le Lierre \u00bb depuis 1993. Cette approche particuli\u00e8re nous a conduit \u00e0 organiser un festival consacr\u00e9 \u00e0 la diffusion documentaire et \u00e0 l\u2019accompagnement des publics dans la cr\u00e9ation et la formation \u00e0 la lecture de l\u2019image. De ce fait, le festival s\u2019inscrit pleinement dans les missions sociales et culturelles du Centre social.<\/p>\n\n\n\n<p><strong>Cr\u00e9er du lien entre le public et la cr\u00e9ation<\/strong> <\/p>\n\n\n\n<p>Depuis sa cr\u00e9ation en 1998, le Festival \u00ab Le R\u00e9el en vue \u00bb propose au mois de novembre une s\u00e9lection de films documentaires \u00e0 la diversit\u00e9 d\u2019\u00e9critures, de formes et d\u2019id\u00e9es qui rendent compte des visions du monde et de la libert\u00e9 de leurs auteurs. Le projet de festival de films documentaires est port\u00e9 d\u00e8s l\u2019origine par les b\u00e9n\u00e9voles et l\u2019\u00e9quipe salariale du Centre social \u00ab Le Lierre \u00bb. Il a pour but de favoriser la diffusion et l\u2019organisation de rencontres entre les r\u00e9alisateurs et le public en mettant en valeur la production documentaire contemporaine et en participant \u00e0 la mise en place de formations et d\u2019actions d\u2019\u00e9ducation \u00e0 l\u2019image.<\/p>\n\n\n\n<div class=\"wp-block-image\"><figure class=\"aligncenter size-large is-resized\"><img src=\"https:\/\/reelenvue.org\/wp-content\/uploads\/2022\/01\/78389568_2398700280256504_1326152138543333376_o-edited-2.jpg\" alt=\"\" class=\"wp-image-372\" width=\"473\" srcset=\"https:\/\/reelenvue.org\/wp-content\/uploads\/2022\/01\/78389568_2398700280256504_1326152138543333376_o-edited-2.jpg 1821w, https:\/\/reelenvue.org\/wp-content\/uploads\/2022\/01\/78389568_2398700280256504_1326152138543333376_o-edited-2-300x187.jpg 300w, https:\/\/reelenvue.org\/wp-content\/uploads\/2022\/01\/78389568_2398700280256504_1326152138543333376_o-edited-2-1024x640.jpg 1024w, https:\/\/reelenvue.org\/wp-content\/uploads\/2022\/01\/78389568_2398700280256504_1326152138543333376_o-edited-2-768x480.jpg 768w, https:\/\/reelenvue.org\/wp-content\/uploads\/2022\/01\/78389568_2398700280256504_1326152138543333376_o-edited-2-1536x960.jpg 1536w, https:\/\/reelenvue.org\/wp-content\/uploads\/2022\/01\/78389568_2398700280256504_1326152138543333376_o-edited-2-624x390.jpg 624w\" sizes=\"(max-width: 1821px) 100vw, 1821px\" \/><\/figure><\/div>\n\n\n\n<p class=\"has-medium-font-size\"><strong>NOS OBJECTIFS<\/strong><\/p>\n\n\n\n<p>Le projet culturel du Festival s\u2019articule sous la forme d\u2019une double proposition faite au public : \u00eatre festivalier d\u2019une part, pour les spectateurs et les participants aux animations, et \u00eatre b\u00e9n\u00e9vole d\u2019autre part, pour les habitants et citoyens qui souhaitent s\u2019investir dans l\u2019organisation et la coordination du Festival.<\/p>\n\n\n\n<p><strong>SENSIBILISER <\/strong>le public le plus large au cin\u00e9ma documentaire \u00e0 travers une s\u00e9lection de films choisis pour la comp\u00e9tition du festival \u00ab Le R\u00e9el en vue \u00bb. \u00catre un festival ouvreur de regards en renfor\u00e7ant l\u2019int\u00e9r\u00eat et la compr\u00e9hension critique suscit\u00e9s par la d\u00e9marche documentaire sous toutes ses formes : projection de films, pr\u00e9sentation de productions num\u00e9riques et exposition de travaux photographiques. Accompagner la d\u00e9marche en mettant en place toute l\u2019ann\u00e9e et pendant le festival des ateliers de pratique et de formation \u00e0 la lecture \u00e0 l\u2019image en direction de tous les publics (scolaires, lyc\u00e9ens et lyc\u00e9ennes, b\u00e9n\u00e9voles du Centre \u00ab Le Lierre \u00bb, habitants et habitantes de nos quartiers).<\/p>\n\n\n\n<p><strong>VALORISER <\/strong>la cr\u00e9ation documentaire nationale par une s\u00e9lection exigeante et diversifi\u00e9e. Soutenir l\u2019\u00e9mergence de r\u00e9alisateurs r\u00e9gionaux par la mise en place d\u2019une journ\u00e9e sp\u00e9ciale. Mettre en valeur les initiatives de jeunes dans le domaine du multim\u00e9dia, promouvoir la cr\u00e9ation vid\u00e9o pour les publics scolaires et associatifs, faire d\u00e9couvrir les nouvelles formes de cr\u00e9ations num\u00e9riques.<\/p>\n\n\n\n<p><strong>DONNER ENVIE <\/strong>\u00e0 chacun de s\u2019investir dans un projet collectif en tant que b\u00e9n\u00e9vole, quels que soient le sexe, l\u2019\u00e2ge et les origines sociales et culturelles des participants (spectateurs, cr\u00e9ateurs, responsables de structures, \u00e9lus&#8230;).<\/p>\n\n\n\n<p><strong>AM\u00c9LIORER <\/strong>le vivre ensemble et la coh\u00e9sion sociale sur le territoire par un \u00e9v\u00e9nement culturel f\u00e9d\u00e9rateur. Telle est la mission du Centre \u00ab Le Lierre \u00bb, en collaboration avec la ville de Thionville, le CCAS, les partenaires territoriaux, les associations socioculturelles locales, les thionvillois et thionvilloises.<\/p>\n\n\n\n<p><strong>FAVORISER <\/strong>l\u2019engagement citoyen des participants, spectateurs, acteurs, cr\u00e9ateurs aux diff\u00e9rentes \u00e9tapes du festival : pr\u00e9paration, organisation, coordination, projections, rencontres, d\u00e9bats, expositions, puis lors du bilan avec tous les acteurs concern\u00e9s.<\/p>\n\n\n\n<p><\/p>\n\n\n\n<p class=\"has-medium-font-size\"><strong>RENSEIGNEMENTS ET CONTACTS : <\/strong><\/p>\n\n\n\n<p>Secteur multim\u00e9dia du Centre \u00ab Le Lierre \u00bb<br>Par t\u00e9l\u00e9phone : 03.72.60.60.99<br>Par e-mail : secteur.multimedia@lelierre.org  <\/p>\n","protected":false},"excerpt":{"rendered":"<p>UN FESTIVAL DE FILMS DOCUMENTAIRES COMME PROJET D\u2019\u00c9DUCATION \u00c0 L\u2019IMAGE Un mode d\u2019intervention social pour le Centre &#8220;Le Lierre&#8221; L\u2019\u00e9ducation \u00e0 l\u2019image et au multim\u00e9dia repr\u00e9sente l\u2019un des modes d\u2019intervention sociale du Centre social \u00ab Le Lierre \u00bb depuis 1993. Cette approche particuli\u00e8re nous a conduit \u00e0 organiser un festival consacr\u00e9 \u00e0 la diffusion documentaire [&hellip;]<\/p>\n","protected":false},"author":1,"featured_media":0,"parent":0,"menu_order":0,"comment_status":"closed","ping_status":"closed","template":"","meta":[],"_links":{"self":[{"href":"https:\/\/reelenvue.org\/index.php\/wp-json\/wp\/v2\/pages\/28"}],"collection":[{"href":"https:\/\/reelenvue.org\/index.php\/wp-json\/wp\/v2\/pages"}],"about":[{"href":"https:\/\/reelenvue.org\/index.php\/wp-json\/wp\/v2\/types\/page"}],"author":[{"embeddable":true,"href":"https:\/\/reelenvue.org\/index.php\/wp-json\/wp\/v2\/users\/1"}],"replies":[{"embeddable":true,"href":"https:\/\/reelenvue.org\/index.php\/wp-json\/wp\/v2\/comments?post=28"}],"version-history":[{"count":29,"href":"https:\/\/reelenvue.org\/index.php\/wp-json\/wp\/v2\/pages\/28\/revisions"}],"predecessor-version":[{"id":1226,"href":"https:\/\/reelenvue.org\/index.php\/wp-json\/wp\/v2\/pages\/28\/revisions\/1226"}],"wp:attachment":[{"href":"https:\/\/reelenvue.org\/index.php\/wp-json\/wp\/v2\/media?parent=28"}],"curies":[{"name":"wp","href":"https:\/\/api.w.org\/{rel}","templated":true}]}}

À propos du festival

<p class="has-medium-font-size"><strong>UN FESTIVAL DE FILMS DOCUMENTAIRES COMME PROJET D’ÉDUCATION À L’IMAGE</strong></p>



<p><strong>Un mode d’intervention social</strong> <strong>pour le Centre &#8220;Le Lierre&#8221; </strong></p>



<p>L’éducation à l’image et au multimédia représente l’un des modes d’intervention sociale du Centre social « Le Lierre » depuis 1993. Cette approche particulière nous a conduit à organiser un festival consacré à la diffusion documentaire et à l’accompagnement des publics dans la création et la formation à la lecture de l’image. De ce fait, le festival s’inscrit pleinement dans les missions sociales et culturelles du Centre social.</p>



<p><strong>Créer du lien entre le public et la création</strong> </p>



<p>Depuis sa création en 1998, le Festival « Le Réel en vue » propose au mois de novembre une sélection de films documentaires à la diversité d’écritures, de formes et d’idées qui rendent compte des visions du monde et de la liberté de leurs auteurs. Le projet de festival de films documentaires est porté dès l’origine par les bénévoles et l’équipe salariale du Centre social « Le Lierre ». Il a pour but de favoriser la diffusion et l’organisation de rencontres entre les réalisateurs et le public en mettant en valeur la production documentaire contemporaine et en participant à la mise en place de formations et d’actions d’éducation à l’image.</p>



<div class="wp-block-image"><figure class="aligncenter size-large is-resized"><img src="https://reelenvue.org/wp-content/uploads/2022/01/78389568_2398700280256504_1326152138543333376_o-edited-2.jpg" alt="" class="wp-image-372" width="473" srcset="https://reelenvue.org/wp-content/uploads/2022/01/78389568_2398700280256504_1326152138543333376_o-edited-2.jpg 1821w, https://reelenvue.org/wp-content/uploads/2022/01/78389568_2398700280256504_1326152138543333376_o-edited-2-300x187.jpg 300w, https://reelenvue.org/wp-content/uploads/2022/01/78389568_2398700280256504_1326152138543333376_o-edited-2-1024x640.jpg 1024w, https://reelenvue.org/wp-content/uploads/2022/01/78389568_2398700280256504_1326152138543333376_o-edited-2-768x480.jpg 768w, https://reelenvue.org/wp-content/uploads/2022/01/78389568_2398700280256504_1326152138543333376_o-edited-2-1536x960.jpg 1536w, https://reelenvue.org/wp-content/uploads/2022/01/78389568_2398700280256504_1326152138543333376_o-edited-2-624x390.jpg 624w" sizes="(max-width: 1821px) 100vw, 1821px" /></figure></div>



<p class="has-medium-font-size"><strong>NOS OBJECTIFS</strong></p>



<p>Le projet culturel du Festival s’articule sous la forme d’une double proposition faite au public : être festivalier d’une part, pour les spectateurs et les participants aux animations, et être bénévole d’autre part, pour les habitants et citoyens qui souhaitent s’investir dans l’organisation et la coordination du Festival.</p>



<p><strong>SENSIBILISER </strong>le public le plus large au cinéma documentaire à travers une sélection de films choisis pour la compétition du festival « Le Réel en vue ». Être un festival ouvreur de regards en renforçant l’intérêt et la compréhension critique suscités par la démarche documentaire sous toutes ses formes : projection de films, présentation de productions numériques et exposition de travaux photographiques. Accompagner la démarche en mettant en place toute l’année et pendant le festival des ateliers de pratique et de formation à la lecture à l’image en direction de tous les publics (scolaires, lycéens et lycéennes, bénévoles du Centre « Le Lierre », habitants et habitantes de nos quartiers).</p>



<p><strong>VALORISER </strong>la création documentaire nationale par une sélection exigeante et diversifiée. Soutenir l’émergence de réalisateurs régionaux par la mise en place d’une journée spéciale. Mettre en valeur les initiatives de jeunes dans le domaine du multimédia, promouvoir la création vidéo pour les publics scolaires et associatifs, faire découvrir les nouvelles formes de créations numériques.</p>



<p><strong>DONNER ENVIE </strong>à chacun de s’investir dans un projet collectif en tant que bénévole, quels que soient le sexe, l’âge et les origines sociales et culturelles des participants (spectateurs, créateurs, responsables de structures, élus&#8230;).</p>



<p><strong>AMÉLIORER </strong>le vivre ensemble et la cohésion sociale sur le territoire par un événement culturel fédérateur. Telle est la mission du Centre « Le Lierre », en collaboration avec la ville de Thionville, le CCAS, les partenaires territoriaux, les associations socioculturelles locales, les thionvillois et thionvilloises.</p>



<p><strong>FAVORISER </strong>l’engagement citoyen des participants, spectateurs, acteurs, créateurs aux différentes étapes du festival : préparation, organisation, coordination, projections, rencontres, débats, expositions, puis lors du bilan avec tous les acteurs concernés.</p>



<p></p>



<p class="has-medium-font-size"><strong>RENSEIGNEMENTS ET CONTACTS : </strong></p>



<p>Secteur multimédia du Centre « Le Lierre »<br>Par téléphone : 03.72.60.60.99<br>Par e-mail : secteur.multimedia@lelierre.org  </p>

<p>UN FESTIVAL DE FILMS DOCUMENTAIRES COMME PROJET D’ÉDUCATION À L’IMAGE Un mode d’intervention social pour le Centre &#8220;Le Lierre&#8221; L’éducation à l’image et au multimédia représente l’un des modes d’intervention sociale du Centre social « Le Lierre » depuis 1993. Cette approche particulière nous a conduit à organiser un festival consacré à la diffusion documentaire [&hellip;]</p>
