{"id":257,"date":"2021-11-08T14:08:35","date_gmt":"2021-11-08T13:08:35","guid":{"rendered":"https:\/\/reelenvue.org\/?page_id=257"},"modified":"2025-10-14T11:48:14","modified_gmt":"2025-10-14T09:48:14","slug":"revue-de-presse","status":"publish","type":"page","link":"https:\/\/reelenvue.org\/index.php\/revue-de-presse\/","title":{"rendered":"Revue de presse"},"content":{"rendered":"\n<figure class=\"wp-block-image size-large\"><img loading=\"lazy\" width=\"1024\" height=\"924\" src=\"https:\/\/reelenvue.org\/wp-content\/uploads\/2025\/10\/Capture-de\u0301cran-2025-10-14-a\u0300-11.47.24-1024x924.png\" alt=\"\" class=\"wp-image-1408\" srcset=\"https:\/\/reelenvue.org\/wp-content\/uploads\/2025\/10\/Capture-de\u0301cran-2025-10-14-a\u0300-11.47.24-1024x924.png 1024w, https:\/\/reelenvue.org\/wp-content\/uploads\/2025\/10\/Capture-de\u0301cran-2025-10-14-a\u0300-11.47.24-300x271.png 300w, https:\/\/reelenvue.org\/wp-content\/uploads\/2025\/10\/Capture-de\u0301cran-2025-10-14-a\u0300-11.47.24-768x693.png 768w, https:\/\/reelenvue.org\/wp-content\/uploads\/2025\/10\/Capture-de\u0301cran-2025-10-14-a\u0300-11.47.24-1536x1386.png 1536w, https:\/\/reelenvue.org\/wp-content\/uploads\/2025\/10\/Capture-de\u0301cran-2025-10-14-a\u0300-11.47.24-624x563.png 624w, https:\/\/reelenvue.org\/wp-content\/uploads\/2025\/10\/Capture-de\u0301cran-2025-10-14-a\u0300-11.47.24.png 1654w\" sizes=\"(max-width: 1024px) 100vw, 1024px\" \/><\/figure>\n\n\n\n<figure class=\"wp-block-image size-large\"><img loading=\"lazy\" width=\"1024\" height=\"734\" src=\"http:\/\/reelenvue.org\/wp-content\/uploads\/2024\/10\/Capture-de\u0301cran-2024-10-16-a\u0300-15.04.56-1024x734.png\" alt=\"\" class=\"wp-image-1274\" srcset=\"https:\/\/reelenvue.org\/wp-content\/uploads\/2024\/10\/Capture-de\u0301cran-2024-10-16-a\u0300-15.04.56-1024x734.png 1024w, https:\/\/reelenvue.org\/wp-content\/uploads\/2024\/10\/Capture-de\u0301cran-2024-10-16-a\u0300-15.04.56-300x215.png 300w, https:\/\/reelenvue.org\/wp-content\/uploads\/2024\/10\/Capture-de\u0301cran-2024-10-16-a\u0300-15.04.56-768x550.png 768w, https:\/\/reelenvue.org\/wp-content\/uploads\/2024\/10\/Capture-de\u0301cran-2024-10-16-a\u0300-15.04.56-624x447.png 624w, https:\/\/reelenvue.org\/wp-content\/uploads\/2024\/10\/Capture-de\u0301cran-2024-10-16-a\u0300-15.04.56.png 1369w\" sizes=\"(max-width: 1024px) 100vw, 1024px\" \/><\/figure>\n\n\n\n<figure class=\"wp-block-image size-large\"><img loading=\"lazy\" width=\"1024\" height=\"735\" src=\"http:\/\/reelenvue.org\/wp-content\/uploads\/2024\/10\/Capture-de\u0301cran-2024-10-16-a\u0300-15.05.39-1024x735.png\" alt=\"\" class=\"wp-image-1272\" srcset=\"https:\/\/reelenvue.org\/wp-content\/uploads\/2024\/10\/Capture-de\u0301cran-2024-10-16-a\u0300-15.05.39-1024x735.png 1024w, https:\/\/reelenvue.org\/wp-content\/uploads\/2024\/10\/Capture-de\u0301cran-2024-10-16-a\u0300-15.05.39-300x215.png 300w, https:\/\/reelenvue.org\/wp-content\/uploads\/2024\/10\/Capture-de\u0301cran-2024-10-16-a\u0300-15.05.39-768x551.png 768w, https:\/\/reelenvue.org\/wp-content\/uploads\/2024\/10\/Capture-de\u0301cran-2024-10-16-a\u0300-15.05.39-624x448.png 624w, https:\/\/reelenvue.org\/wp-content\/uploads\/2024\/10\/Capture-de\u0301cran-2024-10-16-a\u0300-15.05.39.png 1464w\" sizes=\"(max-width: 1024px) 100vw, 1024px\" \/><\/figure>\n\n\n\n<figure class=\"wp-block-image size-large\"><img loading=\"lazy\" width=\"1024\" height=\"803\" src=\"https:\/\/reelenvue.org\/wp-content\/uploads\/2023\/10\/Capture-de\u0301cran-2023-10-02-a\u0300-14.16.31-1024x803.png\" alt=\"\" class=\"wp-image-877\" srcset=\"https:\/\/reelenvue.org\/wp-content\/uploads\/2023\/10\/Capture-de\u0301cran-2023-10-02-a\u0300-14.16.31-1024x803.png 1024w, https:\/\/reelenvue.org\/wp-content\/uploads\/2023\/10\/Capture-de\u0301cran-2023-10-02-a\u0300-14.16.31-300x235.png 300w, https:\/\/reelenvue.org\/wp-content\/uploads\/2023\/10\/Capture-de\u0301cran-2023-10-02-a\u0300-14.16.31-768x602.png 768w, https:\/\/reelenvue.org\/wp-content\/uploads\/2023\/10\/Capture-de\u0301cran-2023-10-02-a\u0300-14.16.31-624x489.png 624w, https:\/\/reelenvue.org\/wp-content\/uploads\/2023\/10\/Capture-de\u0301cran-2023-10-02-a\u0300-14.16.31.png 1107w\" sizes=\"(max-width: 1024px) 100vw, 1024px\" \/><\/figure>\n\n\n\n<figure class=\"wp-block-image size-full\"><img loading=\"lazy\" width=\"820\" height=\"540\" src=\"https:\/\/reelenvue.org\/wp-content\/uploads\/2023\/10\/376618238_325820443177885_2410593465384912899_n.jpg\" alt=\"\" class=\"wp-image-880\" srcset=\"https:\/\/reelenvue.org\/wp-content\/uploads\/2023\/10\/376618238_325820443177885_2410593465384912899_n.jpg 820w, https:\/\/reelenvue.org\/wp-content\/uploads\/2023\/10\/376618238_325820443177885_2410593465384912899_n-300x198.jpg 300w, https:\/\/reelenvue.org\/wp-content\/uploads\/2023\/10\/376618238_325820443177885_2410593465384912899_n-768x506.jpg 768w, https:\/\/reelenvue.org\/wp-content\/uploads\/2023\/10\/376618238_325820443177885_2410593465384912899_n-624x411.jpg 624w\" sizes=\"(max-width: 820px) 100vw, 820px\" \/><\/figure>\n\n\n\n<figure class=\"wp-block-image size-full\"><img loading=\"lazy\" width=\"596\" height=\"604\" src=\"https:\/\/reelenvue.org\/wp-content\/uploads\/2022\/12\/Capture-de\u0301cran-2022-12-07-a\u0300-16.38.38.png\" alt=\"\" class=\"wp-image-755\" srcset=\"https:\/\/reelenvue.org\/wp-content\/uploads\/2022\/12\/Capture-de\u0301cran-2022-12-07-a\u0300-16.38.38.png 596w, https:\/\/reelenvue.org\/wp-content\/uploads\/2022\/12\/Capture-de\u0301cran-2022-12-07-a\u0300-16.38.38-296x300.png 296w\" sizes=\"(max-width: 596px) 100vw, 596px\" \/><\/figure>\n\n\n\n<figure class=\"wp-block-embed is-type-video is-provider-youtube wp-block-embed-youtube wp-embed-aspect-16-9 wp-has-aspect-ratio\"><div class=\"wp-block-embed__wrapper\">\n<iframe loading=\"lazy\" title=\"La Bo\u00eete \u00e0 M&#039;Alice S0414 - Le R\u00e9\u00e9l en Vue \/ M\u00e9lina Farine\" width=\"625\" height=\"352\" src=\"https:\/\/www.youtube.com\/embed\/PCvDhM3Ixnk?feature=oembed\" frameborder=\"0\" allow=\"accelerometer; autoplay; clipboard-write; encrypted-media; gyroscope; picture-in-picture; web-share\" referrerpolicy=\"strict-origin-when-cross-origin\" allowfullscreen><\/iframe>\n<\/div><\/figure>\n\n\n\n<figure class=\"wp-block-image size-full\"><img loading=\"lazy\" width=\"917\" height=\"1008\" src=\"https:\/\/reelenvue.org\/wp-content\/uploads\/2022\/12\/Capture-de\u0301cran-2022-12-07-a\u0300-13.51.10.png\" alt=\"\" class=\"wp-image-750\" srcset=\"https:\/\/reelenvue.org\/wp-content\/uploads\/2022\/12\/Capture-de\u0301cran-2022-12-07-a\u0300-13.51.10.png 917w, https:\/\/reelenvue.org\/wp-content\/uploads\/2022\/12\/Capture-de\u0301cran-2022-12-07-a\u0300-13.51.10-273x300.png 273w, https:\/\/reelenvue.org\/wp-content\/uploads\/2022\/12\/Capture-de\u0301cran-2022-12-07-a\u0300-13.51.10-768x844.png 768w, https:\/\/reelenvue.org\/wp-content\/uploads\/2022\/12\/Capture-de\u0301cran-2022-12-07-a\u0300-13.51.10-624x686.png 624w\" sizes=\"(max-width: 917px) 100vw, 917px\" \/><\/figure>\n\n\n\n<figure class=\"wp-block-image size-full\"><img loading=\"lazy\" width=\"903\" height=\"904\" src=\"https:\/\/reelenvue.org\/wp-content\/uploads\/2022\/12\/Capture-de\u0301cran-2022-12-07-a\u0300-13.51.50.png\" alt=\"\" class=\"wp-image-752\" srcset=\"https:\/\/reelenvue.org\/wp-content\/uploads\/2022\/12\/Capture-de\u0301cran-2022-12-07-a\u0300-13.51.50.png 903w, https:\/\/reelenvue.org\/wp-content\/uploads\/2022\/12\/Capture-de\u0301cran-2022-12-07-a\u0300-13.51.50-300x300.png 300w, https:\/\/reelenvue.org\/wp-content\/uploads\/2022\/12\/Capture-de\u0301cran-2022-12-07-a\u0300-13.51.50-150x150.png 150w, https:\/\/reelenvue.org\/wp-content\/uploads\/2022\/12\/Capture-de\u0301cran-2022-12-07-a\u0300-13.51.50-768x769.png 768w, https:\/\/reelenvue.org\/wp-content\/uploads\/2022\/12\/Capture-de\u0301cran-2022-12-07-a\u0300-13.51.50-624x625.png 624w\" sizes=\"(max-width: 903px) 100vw, 903px\" \/><\/figure>\n\n\n\n<div class=\"wp-block-image\"><figure class=\"aligncenter size-full is-resized\"><img loading=\"lazy\" src=\"https:\/\/reelenvue.org\/wp-content\/uploads\/2021\/11\/Art.-RL-04.10.21-Festival.png\" alt=\"\" class=\"wp-image-258\" width=\"890\" height=\"755\" srcset=\"https:\/\/reelenvue.org\/wp-content\/uploads\/2021\/11\/Art.-RL-04.10.21-Festival.png 929w, https:\/\/reelenvue.org\/wp-content\/uploads\/2021\/11\/Art.-RL-04.10.21-Festival-300x254.png 300w, https:\/\/reelenvue.org\/wp-content\/uploads\/2021\/11\/Art.-RL-04.10.21-Festival-768x651.png 768w, https:\/\/reelenvue.org\/wp-content\/uploads\/2021\/11\/Art.-RL-04.10.21-Festival-624x529.png 624w\" sizes=\"(max-width: 890px) 100vw, 890px\" \/><figcaption><strong><em> Article du R\u00e9publicain Lorrain du 04\/10\/2021<\/em><\/strong><\/figcaption><\/figure><\/div>\n\n\n\n<figure class=\"wp-block-embed is-type-wp-embed is-provider-moselle-tv wp-block-embed-moselle-tv\"><div class=\"wp-block-embed__wrapper\">\n<blockquote class=\"wp-embedded-content\" data-secret=\"sh6u4MOcij\"><a href=\"https:\/\/moselle.tv\/moselle-info-le-journal-du-jeudi-04-novembre-2021-avec-thierry-leger-coordinateur-du-festival-le-reel-en-vue\/\">Moselle Info : le journal du jeudi 04 novembre 2021 avec Thierry L\u00e9ger, coordinateur du festival Le R\u00e9el en vue<\/a><\/blockquote><iframe class=\"wp-embedded-content\" sandbox=\"allow-scripts\" security=\"restricted\" style=\"position: absolute; clip: rect(1px, 1px, 1px, 1px);\" title=\"\u00ab\u00a0Moselle Info : le journal du jeudi 04 novembre 2021 avec Thierry L\u00e9ger, coordinateur du festival Le R\u00e9el en vue\u00a0\u00bb &#8212; Moselle TV\" src=\"https:\/\/moselle.tv\/moselle-info-le-journal-du-jeudi-04-novembre-2021-avec-thierry-leger-coordinateur-du-festival-le-reel-en-vue\/embed\/#?secret=k5V8NKR04B#?secret=sh6u4MOcij\" data-secret=\"sh6u4MOcij\" width=\"600\" height=\"338\" frameborder=\"0\" marginwidth=\"0\" marginheight=\"0\" scrolling=\"no\"><\/iframe>\n<\/div><figcaption><strong>Moselle Info du 04\/10\/2021<\/strong><\/figcaption><\/figure>\n\n\n\n<p><\/p>\n","protected":false},"excerpt":{"rendered":"","protected":false},"author":1,"featured_media":0,"parent":0,"menu_order":0,"comment_status":"closed","ping_status":"closed","template":"","meta":[],"_links":{"self":[{"href":"https:\/\/reelenvue.org\/index.php\/wp-json\/wp\/v2\/pages\/257"}],"collection":[{"href":"https:\/\/reelenvue.org\/index.php\/wp-json\/wp\/v2\/pages"}],"about":[{"href":"https:\/\/reelenvue.org\/index.php\/wp-json\/wp\/v2\/types\/page"}],"author":[{"embeddable":true,"href":"https:\/\/reelenvue.org\/index.php\/wp-json\/wp\/v2\/users\/1"}],"replies":[{"embeddable":true,"href":"https:\/\/reelenvue.org\/index.php\/wp-json\/wp\/v2\/comments?post=257"}],"version-history":[{"count":16,"href":"https:\/\/reelenvue.org\/index.php\/wp-json\/wp\/v2\/pages\/257\/revisions"}],"predecessor-version":[{"id":1409,"href":"https:\/\/reelenvue.org\/index.php\/wp-json\/wp\/v2\/pages\/257\/revisions\/1409"}],"wp:attachment":[{"href":"https:\/\/reelenvue.org\/index.php\/wp-json\/wp\/v2\/media?parent=257"}],"curies":[{"name":"wp","href":"https:\/\/api.w.org\/{rel}","templated":true}]}}